39. Is z a composite number?
False
Let b(w) = 7*w + 2. Let y be b(6). Let z = 82 - y. Is z composite?
True
Let c(y) = y**3 - 2*y + 1. Let x be c(2). Suppose -x*s - 13 = -38. Suppose -5*r - 15 = 0, -r + 89 = s*v + r. Is v prime?
True
Let l(u) = 8*u**2 + u. Let f be l(-1). Suppose 2*s - 6*s = -5*t + 27, 10 = 2*t - 2*s. Let w = f + t. Is w a prime number?
False
Let o(g) = g**2 + 4*g + 9. Let f be o(-10). Is (f/4)/(6/16) prime?
False
Let w be (4 - -1)/(-3 + 2). Is 4/10 - 103/w prime?
False
Let a(c) = 4*c**2 + 2*c + 4. Let f = -3 - 0. Is a(f) a prime number?
False
Let p(r) = 197*r - 25. Is p(6) composite?
True
Let s = 414 - 192. Let w = 156 - s. Let h = w + 331. Is h composite?
True
Let h(r) = -2*r**3 - 2*r**2 + 2*r - 31. Is h(-6) composite?
False
Suppose 0 = -f + c + 3, 3*c = 2*f - 5*f + 9. Suppose 30 = f*j - 27. Is j prime?
True
Let x(t) = t**2 + 5*t + 4. Let f be x(-5). Suppose -f*n + 10 = -6. Suppose -n*k - 5*w + 3 = -3*k, -3*k + 81 = -3*w. Is k prime?
True
Let h(k) = -17*k. Suppose 2*m = 6*m, 5*m - 4 = -u. Let l be h(u). Let q = 99 + l. Is q a prime number?
True
Suppose 2*b + 1145 = -3*b. Let a = 30 - b. Is a a composite number?
True
Let j(c) be the first derivative of c**2/2 + 67*c - 3. Is j(0) a prime number?
True
Is 134 + (-4)/((-8)/(-6)) prime?
True
Suppose -9*q = -12*q + 3*k + 3501, -q - 3*k + 1183 = 0. Is q composite?
False
Suppose -742 = -3*a - m + 2376, 5*a + 2*m = 5196. Suppose 10 = -5*y - a. Let z = 297 + y. Is z composite?
True
Let u be ((-2)/(-4))/(9/36). Suppose -u*b = 2*b - 1012. Is b prime?
False
Let j = 176 + -105. Suppose 0*a + j = a. Is a prime?
True
Is -9*101*3/(-9) a composite number?
True
Let b = -556 - -1390. Suppose -x = 5*x - b. Is x a composite number?
False
Suppose -4*p - 4*a + 0*a = 16, 3*p = -4*a - 17. Let m be (-14)/(-3) - p/(-3). Suppose 92 = 2*f + 5*n, 0 = -m*f + n + 2*n + 261. Is f a composite number?
True
Let r = -10 + 8. Is -2*((-447)/r)/(-3) prime?
True
Let x(c) = c**2 + 10*c + 3. Let v = -17 + 7. Is x(v) prime?
True
Suppose -3*h - 2*t + 95 = 0, 2*t + 115 = 2*h + h. Is h prime?
False
Is 1569 + -5*(-4 + 3) composite?
True
Let w(p) be the second derivative of p**4/4 + p. Let f be w(-1). Suppose 268 = c + f*c. Is c prime?
True
Let b(d) be the first derivative of 6*d**2 + 7*d + 4. Is b(5) composite?
False
Let m be 399 - (0/(-3) - 1). Is (-2)/7 - m/(-28) prime?
False
Let f(r) = 5*r**3 - 4*r**2 + r - 31. Let v(o) = -6*o**3 + 5*o**2 - o + 31. Let h(b) = -5*f(b) - 4*v(b). Let k be h(0). Let x = 110 - k. Is x composite?
False
Suppose -3 = -5*z + 22. Let q = -8 + z. Is 2*q*33/(-6) a prime number?
False
Suppose 5*n - 3*n = q - 87, -233 = -3*q - n. Is q prime?
True
Let i be -5 + 2 - -150 - -2. Suppose 0 = -4*k + 5*k - i. Is k prime?
True
Let v(b) = b**3 + 14*b**2 - b - 9. Let t be v(-14). Suppose 0 = t*y - 913 + 278. Is y prime?
True
Is (23082/(-18) + -5)/(6/(-9)) a composite number?
False
Let m(j) = -3 - 2 + 13*j + 18 - j**2 + 0. Is m(12) prime?
False
Suppose 7*g - 3*g + 32 = 0. Let x = 15 + g. Is x composite?
False
Let b = 7 - 7. Suppose -q = b, 4*s = -6*q + 3*q + 84. Is s composite?
True
Suppose -3*p + g = -24, -g = -4*p + 26 + 6. Suppose x = -p + 4. Let a(q) = q**3 + 5*q**2 - 2*q - 3. Is a(x) a composite number?
True
Suppose -3*a - a + 472 = 0. Let b = a + -73. Suppose -u = -4*u + b. Is u a composite number?
True
Let d(h) = h**3 - 4*h**2 - 6*h + 6. Let n be d(5). Is (8/24)/(n/39) prime?
True
Let c = 11 + -7. Let o be (2 - 0 - 1)*c. Let a = o + 9. Is a composite?
False
Suppose 0 = 3*w + 5*j - 16, 4*w + 0*j - 10 = -j. Suppose 4*h - h = -w*q + 141, -4*h + 4*q + 188 = 0. Is h prime?
True
Let o be (-580)/6*3/(-2). Let p = 564 - o. Is p a composite number?
False
Let q = 206 - 26. Let m = 445 - q. Is m prime?
False
Let k(c) be the second derivative of -c**2 + 0 - 2*c + 2/3*c**3. Is k(7) a composite number?
True
Let y(a) = -a + 1. Let o be y(12). Let m = o - -36. Is m a composite number?
True
Suppose -5*j + h - 6*h + 30 = 0, -2*j + h = -6. Suppose -2 = k - j. Suppose -k*b = -0*b - 154. Is b composite?
True
Suppose 2*l = -a + 4745, 22*a + l = 20*a + 9499. Is a a prime number?
True
Let t = 102 + -65. Is t prime?
True
Suppose -k + 5*r + 1374 = 0, 2818 = k + k + 4*r. Is k prime?
True
Suppose -3*z - 5*o = -220 - 212, -z + 5*o + 164 = 0. Is z a prime number?
True
Let t(b) = b**2 + 11*b + 14. Is t(16) a composite number?
True
Let m(t) = -t**3 - 8*t**2 - 8*t + 1. Let h be m(-7). Let w(l) = 4*l + 2. Is w(h) prime?
False
Let a(h) = h - 2. Let j(f) = f - 2. Let k be j(7). Let l be a(k). Suppose -4*n = -4*d + 88, -n = 4*d + l*n - 112. Is d composite?
True
Suppose -450 = -4*w - w - 5*u, -w = -5*u - 114. Is w a composite number?
True
Let x(n) = 111*n**2 - 5*n - 5. Is x(-3) a composite number?
False
Let x = -641 - -1178. Is x prime?
False
Is (1 + 1)*-1 - -715 a composite number?
True
Let r be ((-10)/3)/(4/(-6)). Suppose 2*p = -2*b - 10, 3*p - 4*b + r = -5*b. Suppose -2*c + 26 = -j, p*c - 2*j = c - 18. Is c prime?
False
Suppose 0*q - 2*q + 112 = 0. Suppose 20 = -0*x - 5*x, 2*z + 3*x = 30. Let o = q + z. Is o composite?
True
Suppose 4*y = -b + 3, 5*b - 2*y - 8 = 7. Suppose -b*g - s = -11, -5*g = -2*s - 2 - 9. Suppose 33 = -2*v + g*v. Is v composite?
True
Is (1/4)/(12/12624) composite?
False
Let r(s) = -160*s - 2. Let y be r(2). Let q = y - -581. Is q a prime number?
False
Suppose 5*u - 2*o - 11 = -5, 0 = -5*u - o + 12. Suppose j = 5 + u. Is j prime?
True
Is ((-4)/8)/(2/(-2332)) composite?
True
Let l be 190 + (-4 - 2/(-2)). Suppose -4*n + 3*n = -l. Suppose r = 2*r - n. Is r prime?
False
Suppose 4*j = 5*j + 18. Let w = -4 - j. Is w a prime number?
False
Let d = -10 - -17. Suppose -2*b + 171 + d = 0. Is b composite?
False
Let t = 135 - -12. Let x be -2*(2 - (-27)/(-6)). Suppose -t = -x*h - 4*g - 36, 42 = 2*h + g. Is h a composite number?
False
Let g = 394 + -585. Let z = g - -286. Is z prime?
False
Let n(u) = 14*u**2 - 4*u. Let t(d) = 22*d**2 - d + 6. Let r(c) = 21*c**2 + 7. Let z(g) = -6*r(g) + 7*t(g). Let w(y) = -7*n(y) + 4*z(y). Is w(1) prime?
False
Let x(k) = -2*k**2 + 9*k + 1939. Let j(u) = u**2 - 4*u - 969. Let t(y) = -5*j(y) - 2*x(y). Is t(0) composite?
False
Let n be 431/3 + (-2)/3. Suppose 5*k = 4*k + n. Is k a prime number?
False
Let m be 1873/(-5) + (-2)/5. Let l be (-3)/3 + 3 - m. Suppose 3*g + l - 127 = y, g + 742 = 3*y. Is y a composite number?
True
Let y(g) = -g - 12. Let h be y(-11). Let u be (-1 + 3)/(h/2). Is ((-11)/3)/(u/276) a composite number?
True
Is (-36)/(-4)*362/6 a composite number?
True
Let q(r) = -3*r + 4*r - 2*r**3 - 2*r + 6*r - r**2. Let x be q(-8). Suppose 0 = 5*m + 5*s - x, -4*s + 3*s - 1 = 0. Is m a prime number?
False
Suppose 0*t = -t. Suppose f + 8 = -2*z - 2, t = 5*f - 3*z - 15. Suppose -3*r - r + 5*b = -333, -3*b - 15 = f. Is r a prime number?
False
Let r = -13 - -4. Is 363/6 + r/6 a prime number?
True
Is 9090/24 + 1/4 a composite number?
False
Let a = -17 - 40. Let d = -14 - a. Is d a prime number?
True
Let t(x) = 392*x**3 + 3*x**2 - 4*x + 7. Is t(2) composite?
True
Suppose 0*r + 4*m + 245 = 3*r, 2*r - 3*m - 165 = 0. Suppose 2*n - 249 + r = 0. Is n prime?
False
Let d(q) = 4*q**2 + 2 - 7*q**2 + 4*q**2 - 6*q. Is d(13) prime?
False
Suppose 0*a + 9*a = 1179. Is a a composite number?
False
Let z(v) = v**2 - 6*v + 10. Let g be z(5). Suppose 227 = g*p - 1068. Is p composite?
True
Let g = -4 + 4. Suppose 4*o + g*o + 212 = 0. Is (-9 - -7)*o/2 composite?
False
Let c = -929 + 527. Is (-5)/((-15)/c)*-1 a composite number?
True
Suppose 9 = 5*o - q, -o + 2*q - 10 = -5*o. Suppose 3*i - 5 = -o*i. Is (2 - i) + (-1 - -35) a prime number?
False
Let p(x) = -x**3 + 11*x**2 - 8*x + 5. Let i(t) = -t**2 + 6*t - 1. Let j be i(4). Is p(j) prime?
False
Let t(r) = r**3 + 12*r**2 + 14*r - 5. Let x be t(-7). Suppose -s - s + x = 0. Is s a prime number?
True
Let f be 3 + -77 + 0 + 2. Let n(c) = -23*c + 5. Let i be n(5). Let y = f - i. Is y composite?
True
Let o(v) be the third derivative of -v**6/20 - v**5/60 - 3*v**2. Let b be o(-2). Suppose -y = -b - 21. Is y a prime number?
False
Let y = 4 + -2. Let c be 0/(0/1 - y). Suppose c = -j + 2, 3*f - 56 = f - 3*j. Is f a prime number?
False
Let r(h) = -34*h - 43. Is r(-9) prime?
True
Let t = -8 - -10. Suppose y + 371 = 4*q + t*y, -89 = -q - y. Is q composite?
True
Let f(a) = 5*a**2 + 4*a